{"id":1923,"date":"2016-02-04T13:44:01","date_gmt":"2016-02-04T11:44:01","guid":{"rendered":"https:\/\/etecmed.com\/product\/alta-frecuencia-nv-201\/"},"modified":"2025-04-01T10:54:38","modified_gmt":"2025-04-01T08:54:38","slug":"alta-frecuencia-nv-201","status":"publish","type":"product","link":"https:\/\/etecmed.com\/ca\/producte\/alta-frecuencia-nv-201\/","title":{"rendered":"Alta freq\u00fc\u00e8ncia NV-201"},"content":{"rendered":"<p>L&#8217;Alta Freq\u00fc\u00e8ncia ofereix una acci\u00f3 bactericida per l&#8217;efecte d&#8217;oz\u00f3 que es genera, el qual ajuda f\u00e0cilment a cauteritzar ferides sense deixar cicatrius marcades.<\/p>\n<p>Equip facial, corporal i capill\u00b7ar de f\u00e0cil maneig.<\/p>\n<p>&nbsp;<\/p>\n<p><strong>Cont\u00e9:<\/strong><\/p>\n<p>Aparell &#8211; panell de control.<\/p>\n<p>1 man\u00edpul per a posar els electrodes<\/p>\n<p>4 electrodes de vidre: bolet, cullera, punta rodona, pinta<\/p>\n<p>&nbsp;<\/p>\n<p><strong>Caracter\u00edstiques t\u00e8cniques de l&#8217;equip:<\/strong><\/p>\n<p>Consum: 13,5W<\/p>\n<p>Temperatura: 5-40\u00baC<\/p>\n<p>Mides de l&#8217;aparell: 28,5x30x15 cm<\/p>\n","protected":false},"excerpt":{"rendered":"<p>L&#8217;Alta Freq\u00fc\u00e8ncia ofereix una acci\u00f3 bactericida per l&#8217;efecte d&#8217;oz\u00f3 que es genera, el qual ajuda f\u00e0cilment a cauteritzar ferides sense deixar cicatrius marcades. Equip facial, corporal i capill\u00b7ar de f\u00e0cil maneig. &nbsp; Cont\u00e9: Aparell &#8211; panell de control. 1 man\u00edpul per a posar els electrodes 4 electrodes de vidre: bolet, cullera, punta rodona, pinta &nbsp;&hellip;<\/p>\n","protected":false},"featured_media":1409,"template":"","meta":[],"product_brand":[],"product_cat":[249],"product_tag":[296,567,568,262,265,298,300,569,570],"class_list":{"0":"post-1923","1":"product","2":"type-product","3":"status-publish","4":"has-post-thumbnail","6":"product_cat-equips-estetica","7":"product_tag-alta-frecuencia-ca","8":"product_tag-bactericida-ca","9":"product_tag-capilares-ca","10":"product_tag-corporal-ca","11":"product_tag-estetica-ca","12":"product_tag-facial-ca","13":"product_tag-germicida-ca","14":"product_tag-ozono-ca","15":"product_tag-peine-ca","16":"description-off","18":"first","19":"instock","20":"taxable","21":"shipping-taxable","22":"purchasable","23":"product-type-simple"},"_links":{"self":[{"href":"https:\/\/etecmed.com\/ca\/wp-json\/wp\/v2\/product\/1923","targetHints":{"allow":["GET"]}}],"collection":[{"href":"https:\/\/etecmed.com\/ca\/wp-json\/wp\/v2\/product"}],"about":[{"href":"https:\/\/etecmed.com\/ca\/wp-json\/wp\/v2\/types\/product"}],"wp:featuredmedia":[{"embeddable":true,"href":"https:\/\/etecmed.com\/ca\/wp-json\/wp\/v2\/media\/1409"}],"wp:attachment":[{"href":"https:\/\/etecmed.com\/ca\/wp-json\/wp\/v2\/media?parent=1923"}],"wp:term":[{"taxonomy":"product_brand","embeddable":true,"href":"https:\/\/etecmed.com\/ca\/wp-json\/wp\/v2\/product_brand?post=1923"},{"taxonomy":"product_cat","embeddable":true,"href":"https:\/\/etecmed.com\/ca\/wp-json\/wp\/v2\/product_cat?post=1923"},{"taxonomy":"product_tag","embeddable":true,"href":"https:\/\/etecmed.com\/ca\/wp-json\/wp\/v2\/product_tag?post=1923"}],"curies":[{"name":"wp","href":"https:\/\/api.w.org\/{rel}","templated":true}]}}

Alta freqüència NV-201

<p>L&#8217;Alta Freqüència ofereix una acció bactericida per l&#8217;efecte d&#8217;ozó que es genera, el qual ajuda fàcilment a cauteritzar ferides sense deixar cicatrius marcades.</p>
<p>Equip facial, corporal i capill·ar de fàcil maneig.</p>
<p>&nbsp;</p>
<p><strong>Conté:</strong></p>
<p>Aparell &#8211; panell de control.</p>
<p>1 manípul per a posar els electrodes</p>
<p>4 electrodes de vidre: bolet, cullera, punta rodona, pinta</p>
<p>&nbsp;</p>
<p><strong>Característiques tècniques de l&#8217;equip:</strong></p>
<p>Consum: 13,5W</p>
<p>Temperatura: 5-40ºC</p>
<p>Mides de l&#8217;aparell: 28,5x30x15 cm</p>

<p>L&#8217;Alta Freqüència ofereix una acció bactericida per l&#8217;efecte d&#8217;ozó que es genera, el qual ajuda fàcilment a cauteritzar ferides sense deixar cicatrius marcades. Equip facial, corporal i capill·ar de fàcil maneig. &nbsp; Conté: Aparell &#8211; panell de control. 1 manípul per a posar els electrodes 4 electrodes de vidre: bolet, cullera, punta rodona, pinta &nbsp;&hellip;</p>
