{"id":1678,"date":"2016-02-16T09:50:32","date_gmt":"2016-02-16T07:50:32","guid":{"rendered":"https:\/\/etecmed.com\/product\/lampara-led-12w\/"},"modified":"2024-10-24T11:12:21","modified_gmt":"2024-10-24T09:12:21","slug":"lampara-led-12w","status":"publish","type":"product","link":"https:\/\/etecmed.com\/ca\/producte\/lampara-led-12w\/","title":{"rendered":"L\u00e0mpada LED 12W"},"content":{"rendered":"<p>L\u00e0mpada de leds per a secat de gel i esmalt semipermanent.<\/p>\n<p>Est\u00e0 composta de 12 punts de Led, situats estrat\u00e8gicament per a la perfecta insolaci\u00f3 de tots els dits en un sol pas, i passar al procediment seg\u00fcent sense necessitat d&#8217;una segona operaci\u00f3.<\/p>\n<p>Estalvi de temps a l&#8217;assecat.<\/p>\n<p>&nbsp;<\/p>\n<p>Opci\u00f3 de programaci\u00f3:<\/p>\n<p>a) Temporitzador programable: 5 a 900 segons (de 5 a 5)<\/p>\n<p>b) Temporitzador programable: 30, 60, 90 o 120 segons<\/p>\n<p>&nbsp;<\/p>\n<p>Caracter\u00edstiques t\u00e8cniques de l&#8217;aparell:<\/p>\n<p>Pot\u00e8ncia: 12W (1W per led)<\/p>\n<p>Longitud d&#8217;ona: &gt;400 nm<\/p>\n<p>Colors disponibles: blanc o granat<\/p>\n<p>Mides de l&#8217;aparell: 25x22x19 cm<\/p>\n<p>&nbsp;<\/p>\n","protected":false},"excerpt":{"rendered":"<p>L\u00e0mpada de leds per a secat de gel i esmalt semipermanent. Est\u00e0 composta de 12 punts de Led, situats estrat\u00e8gicament per a la perfecta insolaci\u00f3 de tots els dits en un sol pas, i passar al procediment seg\u00fcent sense necessitat d&#8217;una segona operaci\u00f3. Estalvi de temps a l&#8217;assecat. &nbsp; Opci\u00f3 de programaci\u00f3: a) Temporitzador programable:&hellip;<\/p>\n","protected":false},"featured_media":1163,"template":"","meta":[],"product_brand":[],"product_cat":[253],"product_tag":[265,384,281,283,284,285,373],"class_list":{"0":"post-1678","1":"product","2":"type-product","3":"status-publish","4":"has-post-thumbnail","6":"product_cat-lampades-assecat-ungles","7":"product_tag-estetica-ca","8":"product_tag-led-ca-2","9":"product_tag-manicura-ca","10":"product_tag-pedicura-ca","11":"product_tag-peluqueria-ca","12":"product_tag-secado-de-gel-ca","13":"product_tag-unas-de-gel-ca","14":"description-off","16":"first","17":"instock","18":"taxable","19":"shipping-taxable","20":"purchasable","21":"product-type-simple"},"_links":{"self":[{"href":"https:\/\/etecmed.com\/ca\/wp-json\/wp\/v2\/product\/1678","targetHints":{"allow":["GET"]}}],"collection":[{"href":"https:\/\/etecmed.com\/ca\/wp-json\/wp\/v2\/product"}],"about":[{"href":"https:\/\/etecmed.com\/ca\/wp-json\/wp\/v2\/types\/product"}],"wp:featuredmedia":[{"embeddable":true,"href":"https:\/\/etecmed.com\/ca\/wp-json\/wp\/v2\/media\/1163"}],"wp:attachment":[{"href":"https:\/\/etecmed.com\/ca\/wp-json\/wp\/v2\/media?parent=1678"}],"wp:term":[{"taxonomy":"product_brand","embeddable":true,"href":"https:\/\/etecmed.com\/ca\/wp-json\/wp\/v2\/product_brand?post=1678"},{"taxonomy":"product_cat","embeddable":true,"href":"https:\/\/etecmed.com\/ca\/wp-json\/wp\/v2\/product_cat?post=1678"},{"taxonomy":"product_tag","embeddable":true,"href":"https:\/\/etecmed.com\/ca\/wp-json\/wp\/v2\/product_tag?post=1678"}],"curies":[{"name":"wp","href":"https:\/\/api.w.org\/{rel}","templated":true}]}}

Làmpada LED 12W

<p>Làmpada de leds per a secat de gel i esmalt semipermanent.</p>
<p>Està composta de 12 punts de Led, situats estratègicament per a la perfecta insolació de tots els dits en un sol pas, i passar al procediment següent sense necessitat d&#8217;una segona operació.</p>
<p>Estalvi de temps a l&#8217;assecat.</p>
<p>&nbsp;</p>
<p>Opció de programació:</p>
<p>a) Temporitzador programable: 5 a 900 segons (de 5 a 5)</p>
<p>b) Temporitzador programable: 30, 60, 90 o 120 segons</p>
<p>&nbsp;</p>
<p>Característiques tècniques de l&#8217;aparell:</p>
<p>Potència: 12W (1W per led)</p>
<p>Longitud d&#8217;ona: &gt;400 nm</p>
<p>Colors disponibles: blanc o granat</p>
<p>Mides de l&#8217;aparell: 25x22x19 cm</p>
<p>&nbsp;</p>

<p>Làmpada de leds per a secat de gel i esmalt semipermanent. Està composta de 12 punts de Led, situats estratègicament per a la perfecta insolació de tots els dits en un sol pas, i passar al procediment següent sense necessitat d&#8217;una segona operació. Estalvi de temps a l&#8217;assecat. &nbsp; Opció de programació: a) Temporitzador programable:&hellip;</p>
